{"id":9758,"date":"2025-11-25T18:08:55","date_gmt":"2025-11-25T18:08:55","guid":{"rendered":"https:\/\/mnkseguros.com\/mnks\/?page_id=9758"},"modified":"2026-04-22T04:17:12","modified_gmt":"2026-04-22T04:17:12","slug":"trabaja-con-nosotros","status":"publish","type":"page","link":"https:\/\/mnkseguros.com\/mnks\/trabaja-con-nosotros\/","title":{"rendered":"Trabaj\u00e1 con nosotros"},"content":{"rendered":"\t\t<div data-elementor-type=\"wp-page\" data-elementor-id=\"9758\" class=\"elementor elementor-9758\" wpc-filter-elementor-widget=\"1\">\n\t\t\t\t<div class=\"elementor-element elementor-element-5dd1a6b e-flex e-con-boxed e-con e-parent\" data-id=\"5dd1a6b\" data-element_type=\"container\" data-e-type=\"container\">\n\t\t\t\t\t<div class=\"e-con-inner\">\n\t\t\t\t<div class=\"elementor-element elementor-element-65b4d56 elementor-widget elementor-widget-text-editor\" data-id=\"65b4d56\" data-element_type=\"widget\" data-e-type=\"widget\" data-widget_type=\"text-editor.default\">\n\t\t\t\t<div class=\"elementor-widget-container\">\n\t\t\t\t\t\t\t\t\t<style>\n  \/* ESTANDARIZACI\u00d3N SECCI\u00d3N EMPLEO MNK *\/\n  .seccion-empleo {\n    font-family: 'Montserrat', sans-serif !important;\n    color: #000000 !important;\n    line-height: 1.6;\n    width: 100%;\n    text-align: left !important;\n  }\n\n  .texto-introductorio {\n    font-weight: 500 !important;\n    font-size: 16px;\n    margin-bottom: 20px;\n    display: block;\n  }\n\n  .titulo-pasos {\n    font-weight: 600 !important;\n    font-size: 20px;\n    color: #106073 !important;\n    margin: 25px 0 15px 0;\n    text-align: left !important;\n  }\n\n  \/* LISTA ANIDADA *\/\n  .lista-pasos {\n    list-style: none;\n    margin: 0 !important;\n    padding-left: 30px !important; \/* Mantiene el anidado hacia adentro *\/\n  }\n\n  .lista-pasos li {\n    font-weight: 500 !important;\n    margin-bottom: 15px;\n    text-align: left !important;\n    display: flex !important;\n    align-items: flex-start !important;\n  }\n\n  \/* N\u00daMEROS: Sin color y a la par del texto *\/\n  .lista-pasos li strong {\n    font-weight: 600 !important;\n    color: #000000 !important; \/* Quitamos el azul, ahora es negro *\/\n    min-width: 20px; \/* Ancho justo para el n\u00famero y el punto *\/\n    margin-right: 5px; \/* Pegado al texto *\/\n    display: inline-block;\n  }\n\n  .lista-pasos li span {\n    display: block;\n    flex: 1; \/* Hace que el texto tome el resto del espacio *\/\n  }\n<\/style>\n\n<div class=\"seccion-empleo\">\n  <span class=\"texto-introductorio\">\n    Unite a nuestra familia y form\u00e1 parte de un entorno de colaboraci\u00f3n, lleno de grandes retos profesionales. Aprovech\u00e1 la oportunidad de desarrollarte como profesional y persona. En MNK Seguros, te ofrecemos un moderno y atractivo programa de compensaci\u00f3n y beneficios, as\u00ed como una cultura colaborativa donde todos participan para construir un buen lugar para trabajar.\n  <\/span>\n\n  <h2 class=\"titulo-pasos\">Pasos para unirte a nuestra familia:<\/h2>\n\n  <ul class=\"lista-pasos\">\n    <li><strong>1.<\/strong> <span>Remit\u00ed tu curr\u00edculum vitae mediante el formulario que encontrar\u00e1s en esta p\u00e1gina. Estamos en constante an\u00e1lisis de todas las solicitudes.<\/span><\/li>\n    <li><strong>2.<\/strong> <span>Si cumpl\u00eds con los requisitos acad\u00e9micos, habilidades y experiencia, nuestros reclutadores de talento te contactar\u00e1n por tel\u00e9fono o correo electr\u00f3nico.<\/span><\/li>\n    <li><strong>3.<\/strong> <span>Te llamaremos para mantener un primer encuentro que nos ayude a determinar tu perfil como candidato\/a: detalles sobre experiencia profesional y algunas preguntas basadas en las competencias espec\u00edficas para la posici\u00f3n.<\/span><\/li>\n    <li><strong>4.<\/strong> <span>Una vez concluido este proceso, te solicitaremos los atestados acad\u00e9micos y requisitos para el cargo. Los candidatos preseleccionados ser\u00e1n convocados a una entrevista personal con nuestros reclutadores de talentos, donde se profundizar\u00e1 sobre tu curr\u00edculum.<\/span><\/li>\n    <li><strong>5.<\/strong> <span>En funci\u00f3n de la posici\u00f3n a cubrir, te solicitaremos la realizaci\u00f3n de pruebas, test y\/o evaluaciones concretas sobre requisitos espec\u00edficos del puesto. Adem\u00e1s, te pediremos referencias profesionales.<\/span><\/li>\n    <li><strong>6.<\/strong> <span>Los candidatos preseleccionados por el Departamento de Desarrollo Organizacional y Gesti\u00f3n Humana ser\u00e1n convocados a una entrevista t\u00e9cnica con el gerente del departamento solicitante.<\/span><\/li>\n    <li><strong>7.<\/strong> <span>Si sos seleccionado o seleccionada, te llamaremos y te haremos una oferta para trabajar con nosotros.<\/span><\/li>\n    <li><strong>8.<\/strong> <span>Si acept\u00e1s nuestra oferta, formalizaremos una fecha de incorporaci\u00f3n y la documentaci\u00f3n necesaria para que form\u00e9s parte de nuestra familia.<\/span><\/li>\n  <\/ul>\n<\/div>\t\t\t\t\t\t\t\t<\/div>\n\t\t\t\t<\/div>\n\t\t\t\t\t<\/div>\n\t\t\t\t<\/div>\n\t\t<div class=\"elementor-element elementor-element-6ed0bb4 e-flex e-con-boxed e-con e-parent\" data-id=\"6ed0bb4\" data-element_type=\"container\" data-e-type=\"container\">\n\t\t\t\t\t<div class=\"e-con-inner\">\n\t\t\t\t<div class=\"elementor-element elementor-element-682d03d elementor-widget elementor-widget-spacer\" data-id=\"682d03d\" data-element_type=\"widget\" data-e-type=\"widget\" data-widget_type=\"spacer.default\">\n\t\t\t\t<div class=\"elementor-widget-container\">\n\t\t\t\t\t\t\t<div class=\"elementor-spacer\">\n\t\t\t<div class=\"elementor-spacer-inner\"><\/div>\n\t\t<\/div>\n\t\t\t\t\t\t<\/div>\n\t\t\t\t<\/div>\n\t\t\t\t\t<\/div>\n\t\t\t\t<\/div>\n\t\t<div class=\"elementor-element elementor-element-9f54e14 e-flex e-con-boxed e-con e-parent\" data-id=\"9f54e14\" data-element_type=\"container\" data-e-type=\"container\">\n\t\t\t\t\t<div class=\"e-con-inner\">\n\t\t\t\t<div class=\"elementor-element elementor-element-a6bd149 elementor-widget elementor-widget-heading\" data-id=\"a6bd149\" data-element_type=\"widget\" data-e-type=\"widget\" data-widget_type=\"heading.default\">\n\t\t\t\t<div class=\"elementor-widget-container\">\n\t\t\t\t\t<h2 class=\"elementor-heading-title elementor-size-default\">\u00bfTe gustar\u00eda formar parte de nuestro equipo?<\/h2>\t\t\t\t<\/div>\n\t\t\t\t<\/div>\n\t\t\t\t\t<\/div>\n\t\t\t\t<\/div>\n\t\t<div class=\"elementor-element elementor-element-7c5e23c e-flex e-con-boxed e-con e-parent\" data-id=\"7c5e23c\" data-element_type=\"container\" data-e-type=\"container\">\n\t\t\t\t\t<div class=\"e-con-inner\">\n\t\t\t\t<div class=\"elementor-element elementor-element-dbef264 elementor-widget elementor-widget-shortcode\" data-id=\"dbef264\" data-element_type=\"widget\" data-e-type=\"widget\" data-widget_type=\"shortcode.default\">\n\t\t\t\t<div class=\"elementor-widget-container\">\n\t\t\t\t\t\t\t<div class=\"elementor-shortcode\">\n<div class=\"wpcf7 no-js\" id=\"wpcf7-f22562-o1\" lang=\"es-ES\" dir=\"ltr\" data-wpcf7-id=\"22562\">\n<div class=\"screen-reader-response\"><p role=\"status\" aria-live=\"polite\" aria-atomic=\"true\"><\/p> <ul><\/ul><\/div>\n<form action=\"\/mnks\/wp-json\/wp\/v2\/pages\/9758#wpcf7-f22562-o1\" method=\"post\" class=\"wpcf7-form init\" aria-label=\"Formulario de contacto\" enctype=\"multipart\/form-data\" novalidate=\"novalidate\" data-status=\"init\">\n<fieldset class=\"hidden-fields-container\"><input type=\"hidden\" name=\"_wpcf7\" value=\"22562\" \/><input type=\"hidden\" name=\"_wpcf7_version\" value=\"6.1.5\" \/><input type=\"hidden\" name=\"_wpcf7_locale\" value=\"es_ES\" \/><input type=\"hidden\" name=\"_wpcf7_unit_tag\" value=\"wpcf7-f22562-o1\" \/><input type=\"hidden\" name=\"_wpcf7_container_post\" value=\"0\" \/><input type=\"hidden\" name=\"_wpcf7_posted_data_hash\" value=\"\" \/>\n<\/fieldset>\n<style>\n    @import url('https:\/\/fonts.googleapis.com\/css2?family=Montserrat:wght@400;500;600;700&display=swap');\n\n    \/* Contenedor principal con estilo tarjeta premium *\/\n    .form-premium-centrado {\n        max-width: 500px; \n        margin: 0 auto; \n        padding: 40px 30px;\n        text-align: center; \n        font-family: 'Montserrat', sans-serif; \n        background-color: #ffffff;\n        border-radius: 12px;\n        box-shadow: 0 10px 30px rgba(0, 96, 97, 0.08); \n        border-top: 4px solid #006061;\n    }\n\n    \/* Etiquetas estilizadas (Formato normal, sin may\u00fasculas forzadas) *\/\n    .form-premium-centrado label {\n        display: block;\n        margin-bottom: 24px; \n        width: 100%;\n        color: #006061; \n        font-weight: 700;\n        font-size: 14px;\n        letter-spacing: 0.5px;\n    }\n\n    \/* Inputs modernos con efecto focus (resaltado) *\/\n    .form-premium-centrado input:not([type=\"submit\"]):not([type=\"file\"]),\n    .form-premium-centrado select {\n        font-family: 'Montserrat', sans-serif; \n        font-size: 15px;\n        color: #333333;\n        width: 100%;\n        box-sizing: border-box;\n        padding: 14px; \n        margin-top: 10px; \n        text-align: center; \n        text-align-last: center; \n        border: 2px solid #eef2f2; \n        border-radius: 8px; \n        outline: none;\n        background-color: #f8fbfb;\n        transition: all 0.3s ease;\n    }\n\n    .form-premium-centrado input:not([type=\"submit\"]):not([type=\"file\"]):focus,\n    .form-premium-centrado select:focus {\n        border-color: #008e97;\n        background-color: #ffffff;\n        box-shadow: 0 0 10px rgba(0, 142, 151, 0.1);\n    }\n\n    \/* --- INICIO DE AJUSTES DEL BOT\u00d3N DE ARCHIVO --- *\/\n    .form-premium-centrado input[type=\"file\"] {\n        width: 0.1px;\n        height: 0.1px;\n        opacity: 0;\n        overflow: hidden;\n        position: absolute;\n        z-index: -1;\n    }\n\n    \/* Dise\u00f1o fijo del bot\u00f3n de archivo *\/\n    .form-premium-centrado label.boton-archivo {\n        display: inline-flex;\n        justify-content: center;\n        align-items: center;\n        font-family: 'Montserrat', sans-serif;\n        font-weight: 600;\n        font-size: 14px;\n        width: auto;\n        min-width: 220px;\n        padding: 14px 30px;\n        background-color: #f0f4f4; \n        color: #006061 !important; \n        border: 2px solid #006061; \n        border-radius: 8px;\n        cursor: pointer;\n        margin-top: 10px;\n        margin-bottom: 5px; \n        text-transform: none !important; \n        letter-spacing: 0.5px;\n        transition: all 0.3s ease;\n    }\n\n    .form-premium-centrado label.boton-archivo:hover {\n        background-color: #eaf1f1; \n        transform: translateY(-2px);\n    }\n\n    \/* Estilo para el texto que mostrar\u00e1 el nombre del archivo *\/\n    .nombre-archivo-texto {\n        font-family: 'Montserrat', sans-serif;\n        font-size: 13px;\n        color: #777777;\n        font-weight: 500;\n        margin-bottom: 15px;\n        min-height: 18px; \n        word-break: break-all;\n    }\n    \n    .nombre-archivo-texto.cargado {\n        color: #008e97;\n        font-weight: 600;\n    }\n    \/* --- FIN DE AJUSTES DEL BOT\u00d3N DE ARCHIVO --- *\/\n\n    \/* Bot\u00f3n de env\u00edo principal *\/\n    .form-premium-centrado .wpcf7-submit {\n        font-family: 'Montserrat', sans-serif;\n        font-weight: 600; \n        font-size: 16px;\n        display: inline-block; \n        width: auto; \n        min-width: 220px; \n        margin: 15px auto 0 auto; \n        padding: 15px 40px;\n        background-color: #006061; \n        color: #ffffff; \n        border: none; \n        border-radius: 8px;\n        cursor: pointer;\n        text-transform: none !important; \n        letter-spacing: 1px; \n        box-shadow: 0 4px 15px rgba(0, 96, 97, 0.3);\n        transition: all 0.3s ease;\n    }\n\n    .form-premium-centrado .wpcf7-submit:hover {\n        background-color: #008e97;\n        box-shadow: 0 6px 20px rgba(0, 142, 151, 0.4);\n        transform: translateY(-2px);\n    }\n\n    \/* Mensajes de respuesta est\u00e1ndar *\/\n    .wpcf7-response-output {\n        border: none !important; \n        padding: 15px !important;\n        margin: 25px 0 0 0 !important;\n        text-align: center !important; \n        color: #006061 !important; \n        font-size: 14px;\n        font-weight: 600;\n        background-color: #eaf1f1 !important;\n        border-radius: 8px !important;\n    }\n\n    .wpcf7-not-valid-tip {\n        color: #e74c3c !important; \n        text-align: center;\n        font-size: 12px;\n        font-weight: 500;\n        margin-top: 8px;\n    }\n\n    .form-premium-centrado .wpcf7-spinner {\n        position: absolute;\n    }\n<\/style>\n\n<div class=\"form-premium-centrado\">\n    <label> Nombre completo\n        <span class=\"wpcf7-form-control-wrap\" data-name=\"your-name\"><input size=\"40\" maxlength=\"400\" class=\"wpcf7-form-control wpcf7-text wpcf7-validates-as-required\" autocomplete=\"name\" aria-required=\"true\" aria-invalid=\"false\" value=\"\" type=\"text\" name=\"your-name\" \/><\/span> \n    <\/label>\n\n    <label> Tel\u00e9fono\n        <span class=\"wpcf7-form-control-wrap\" data-name=\"your-phone\"><input size=\"40\" maxlength=\"400\" class=\"wpcf7-form-control wpcf7-tel wpcf7-validates-as-required wpcf7-text wpcf7-validates-as-tel\" autocomplete=\"tel\" aria-required=\"true\" aria-invalid=\"false\" value=\"\" type=\"tel\" name=\"your-phone\" \/><\/span> \n    <\/label>\n\n    <label> Correo electr\u00f3nico\n        <span class=\"wpcf7-form-control-wrap\" data-name=\"your-email\"><input size=\"40\" maxlength=\"400\" class=\"wpcf7-form-control wpcf7-email wpcf7-validates-as-required wpcf7-text wpcf7-validates-as-email\" autocomplete=\"email\" aria-required=\"true\" aria-invalid=\"false\" value=\"\" type=\"email\" name=\"your-email\" \/><\/span> \n    <\/label>\n\n    <label> \u00c1rea de inter\u00e9s\n        <span class=\"wpcf7-form-control-wrap\" data-name=\"your-area\"><select class=\"wpcf7-form-control wpcf7-select wpcf7-validates-as-required\" aria-required=\"true\" aria-invalid=\"false\" name=\"your-area\"><option value=\"Administraci\u00f3n y Finanzas\">Administraci\u00f3n y Finanzas<\/option><option value=\"Cauci\u00f3n\">Cauci\u00f3n<\/option><option value=\"Comercial\">Comercial<\/option><option value=\"Control, Auditor\u00eda y Cumplimiento\">Control, Auditor\u00eda y Cumplimiento<\/option><option value=\"Desarrollo Organizacional\">Desarrollo Organizacional<\/option><option value=\"Indemnizaciones Autom\u00f3viles\">Indemnizaciones Autom\u00f3viles<\/option><option value=\"Indemnizaciones Patrimoniales\">Indemnizaciones Patrimoniales<\/option><option value=\"Mercadeo\">Mercadeo<\/option><option value=\"Reaseguro\">Reaseguro<\/option><option value=\"Riesgos del Trabajo\">Riesgos del Trabajo<\/option><option value=\"Servicios generales\">Servicios generales<\/option><option value=\"Suscripci\u00f3n\">Suscripci\u00f3n<\/option><option value=\"T\u00e9cnico\">T\u00e9cnico<\/option><option value=\"TI\">TI<\/option><\/select><\/span>\n    <\/label>\n\n    <label> \u00daltimo nivel de educaci\u00f3n finalizado\n        <span class=\"wpcf7-form-control-wrap\" data-name=\"your-education\"><select class=\"wpcf7-form-control wpcf7-select wpcf7-validates-as-required\" aria-required=\"true\" aria-invalid=\"false\" name=\"your-education\"><option value=\"Primaria\">Primaria<\/option><option value=\"Secundaria general\">Secundaria general<\/option><option value=\"Secundaria diversificada\">Secundaria diversificada<\/option><option value=\"T\u00e9cnico medio\">T\u00e9cnico medio<\/option><option value=\"Diplomado universitario\">Diplomado universitario<\/option><option value=\"Bachillerato universitario\">Bachillerato universitario<\/option><option value=\"Licenciatura universitaria\">Licenciatura universitaria<\/option><option value=\"Maestr\u00eda\">Maestr\u00eda<\/option><option value=\"Doctorado\">Doctorado<\/option><\/select><\/span>\n    <\/label>\n\n    <label style=\"margin-bottom: 0;\"> Carg\u00e1 tu curr\u00edculum vitae (PDF m\u00e1x. 12 MB) <\/label>\n    <label class=\"boton-archivo\">\n        Seleccion\u00e1 aqu\u00ed\n        <span class=\"wpcf7-form-control-wrap\" data-name=\"your-cv\"><input size=\"40\" class=\"wpcf7-form-control wpcf7-file wpcf7-validates-as-required\" id=\"cv-upload\" accept=\".pdf\" aria-required=\"true\" aria-invalid=\"false\" type=\"file\" name=\"your-cv\" \/><\/span>\n    <\/label>\n    \n    <div id=\"cv-filename\" class=\"nombre-archivo-texto\"><\/div>\n    \n    <input class=\"wpcf7-form-control wpcf7-submit has-spinner\" type=\"submit\" value=\"Enviar\" \/>\n<\/div>\n\n<script>\ndocument.addEventListener('DOMContentLoaded', function() {\n    var fileInput = document.getElementById('cv-upload');\n    var fileNameDisplay = document.getElementById('cv-filename');\n    \n    if(fileInput && fileNameDisplay) {\n        fileInput.addEventListener('change', function(e) {\n            if(e.target.files && e.target.files.length > 0) {\n                fileNameDisplay.textContent = 'Archivo: ' + e.target.files[0].name;\n                fileNameDisplay.classList.add('cargado');\n            } else {\n                fileNameDisplay.textContent = '';\n                fileNameDisplay.classList.remove('cargado');\n            }\n        });\n    }\n});\n<\/script><div class=\"wpcf7-response-output\" aria-hidden=\"true\"><\/div>\n<\/form>\n<\/div>\n<\/div>\n\t\t\t\t\t\t<\/div>\n\t\t\t\t<\/div>\n\t\t\t\t\t<\/div>\n\t\t\t\t<\/div>\n\t\t\t\t<\/div>\n\t\t","protected":false},"excerpt":{"rendered":"<p>Unite a nuestra familia y form\u00e1 parte de un entorno de colaboraci\u00f3n, lleno de grandes retos profesionales. Aprovech\u00e1 la oportunidad de desarrollarte como profesional y persona. En MNK Seguros, te ofrecemos un moderno y atractivo programa de compensaci\u00f3n y beneficios, as\u00ed como una cultura colaborativa donde todos participan para construir un buen lugar para trabajar. [&hellip;]<\/p>\n","protected":false},"author":3,"featured_media":0,"parent":0,"menu_order":0,"comment_status":"closed","ping_status":"closed","template":"","meta":{"_acf_changed":false,"inline_featured_image":false,"footnotes":""},"class_list":["post-9758","page","type-page","status-publish","hentry"],"acf":[],"_links":{"self":[{"href":"https:\/\/mnkseguros.com\/mnks\/wp-json\/wp\/v2\/pages\/9758","targetHints":{"allow":["GET"]}}],"collection":[{"href":"https:\/\/mnkseguros.com\/mnks\/wp-json\/wp\/v2\/pages"}],"about":[{"href":"https:\/\/mnkseguros.com\/mnks\/wp-json\/wp\/v2\/types\/page"}],"author":[{"embeddable":true,"href":"https:\/\/mnkseguros.com\/mnks\/wp-json\/wp\/v2\/users\/3"}],"replies":[{"embeddable":true,"href":"https:\/\/mnkseguros.com\/mnks\/wp-json\/wp\/v2\/comments?post=9758"}],"version-history":[{"count":37,"href":"https:\/\/mnkseguros.com\/mnks\/wp-json\/wp\/v2\/pages\/9758\/revisions"}],"predecessor-version":[{"id":22572,"href":"https:\/\/mnkseguros.com\/mnks\/wp-json\/wp\/v2\/pages\/9758\/revisions\/22572"}],"wp:attachment":[{"href":"https:\/\/mnkseguros.com\/mnks\/wp-json\/wp\/v2\/media?parent=9758"}],"curies":[{"name":"wp","href":"https:\/\/api.w.org\/{rel}","templated":true}]}}