{"id":11105,"date":"2025-12-04T22:27:33","date_gmt":"2025-12-04T22:27:33","guid":{"rendered":"https:\/\/mnkseguros.com\/mnks\/?post_type=contacto&#038;p=11105"},"modified":"2025-12-04T22:27:34","modified_gmt":"2025-12-04T22:27:34","slug":"monica-beltran-de-avila","status":"publish","type":"contacto","link":"https:\/\/mnkseguros.com\/mnks\/contacto\/monica-beltran-de-avila\/","title":{"rendered":"M\u00f3nica Beltr\u00e1n De \u00c1vila"},"content":{"rendered":"","protected":false},"template":"","meta":{"_acf_changed":true,"inline_featured_image":false},"class_list":["post-11105","contacto","type-contacto","status-publish","hentry"],"acf":[],"_links":{"self":[{"href":"https:\/\/mnkseguros.com\/mnks\/wp-json\/wp\/v2\/contacto\/11105","targetHints":{"allow":["GET"]}}],"collection":[{"href":"https:\/\/mnkseguros.com\/mnks\/wp-json\/wp\/v2\/contacto"}],"about":[{"href":"https:\/\/mnkseguros.com\/mnks\/wp-json\/wp\/v2\/types\/contacto"}],"wp:attachment":[{"href":"https:\/\/mnkseguros.com\/mnks\/wp-json\/wp\/v2\/media?parent=11105"}],"curies":[{"name":"wp","href":"https:\/\/api.w.org\/{rel}","templated":true}]}}

Mónica Beltrán De Ávila
